{"id":1397,"date":"2025-04-14T12:49:44","date_gmt":"2025-04-14T12:49:44","guid":{"rendered":"https:\/\/evkusu.com.tr\/?page_id=1397"},"modified":"2025-04-14T12:49:46","modified_gmt":"2025-04-14T12:49:46","slug":"gizlilik-politikasi","status":"publish","type":"page","link":"https:\/\/evkusu.com.tr\/?page_id=1397","title":{"rendered":"Gizlilik Politikas\u0131"},"content":{"rendered":"<h2 class=\"wp-block-heading\">KVKK &#8211; Ki\u015fisel Verilerin \u0130\u015flenmesi ve Korunmas\u0131 Ayd\u0131nlatma Metni<\/h2><p><strong>EVKU\u015eU PERAKENDE SATI\u015e MA\u011eAZACILIK VE DI\u015e T\u0130CARET L\u0130M\u0130TED \u015e\u0130RKET\u0130<\/strong> &#8211; www.evkusu.com.tr<\/p><p><strong>K\u0130\u015e\u0130SEL VER\u0130LER\u0130N KORUNMASI AYDINLATMA METN\u0130<\/strong><\/p><p>M\u00fc\u015fterilerimiz, \u00dcyelerimiz ve Ziyaret\u00e7ilerimiz\u00a0<\/p><p>\u0130\u015fbu Ayd\u0131nlatma Metni\u2019nde, ki\u015fisel verilerinizin, 6698 say\u0131l\u0131 Ki\u015fisel Verilerin Korunmas\u0131 Kanunu (\u201c<strong>Kanun<\/strong>\u201d) ve ilgili mevzuata uygun olarak,\u202f\u201c<em>Yeniket Mah. Do\u011fan Arasl\u0131 Bulvar\u0131 No:218 C-09 Esenyurt &#8211; \u0130stanbul<\/em>\u201d\u202fadresinde yer alan veri sorumlusu <strong>EVKU\u015eU PERAKENDE SATI\u015e MA\u011eAZACILIK VE DI\u015e T\u0130CARET L\u0130M\u0130TED \u015e\u0130RKET\u0130<\/strong> nezdinde i\u015flenmesine ili\u015fkin esaslar a\u015fa\u011f\u0131da belirtilmi\u015ftir.\u202f\u00a0<\/p><h5 class=\"wp-block-heading\">1. \u0130\u015fledi\u011fimiz Ki\u015fisel Verileriniz ve \u0130\u015fleme Ama\u00e7lar\u0131m\u0131z&nbsp;<\/h5><h6 class=\"wp-block-heading\">1. Ma\u011fazalar\u0131m\u0131zdan Al\u0131\u015fveri\u015f Yapan M\u00fc\u015fterilerimiz&nbsp;<\/h6><p>\u202f&nbsp;<\/p><p>Ma\u011fazalar\u0131m\u0131zdan al\u0131\u015fveri\u015f yapman\u0131z halinde; m\u00fc\u015fterilerimizin kimlik, ileti\u015fim, m\u00fc\u015fteri i\u015flem, hukuki i\u015flem, finans bilgilerini i\u015flemekteyiz. Sat\u0131\u015f i\u015flemlerinin ger\u00e7ekle\u015ftirilmesi kapsam\u0131nda, sat\u0131\u015f s\u00f6zle\u015fmenin akdedilmesi ve ifas\u0131, fatura d\u00fczenlenmesi ad soyad, adres bilgileri, al\u0131\u015fveri\u015f ve \u00f6deme bilgileri, al\u0131\u015fveri\u015finize ili\u015fkin faturan\u0131n elektronik ortamda taraf\u0131n\u0131za iletilmesini sa\u011flamak amac\u0131yla ek olarak e-posta adresiniz i\u015flenmekte olup \u202fal\u0131\u015fveri\u015finizin kredi\/banka kart\u0131 ile yap\u0131lmas\u0131 halinde ilgili \u00f6deme kurulu\u015fu taraf\u0131ndan kredi kart\u0131 bilgileriniz i\u015flenmektedir.<\/p><p>\u202f&nbsp;<\/p><h6 class=\"wp-block-heading\">2. Ma\u011faza Ziyaret\u00e7ilerimiz&nbsp;<\/h6><p>\u202f&nbsp;<\/p><p>Ma\u011faza ziyaret\u00e7ilerimizin ses ve g\u00f6r\u00fcnt\u00fc verilerini i\u015flemekteyiz.\u202fMa\u011fazalar\u0131m\u0131zda ger\u00e7ekle\u015fme ihtimali bulunan mevzuata ayk\u0131r\u0131 her t\u00fcrl\u00fc fiil, su\u00e7 veya davran\u0131\u015fa kar\u015f\u0131 m\u00fc\u015fterilerimizin, \u00e7al\u0131\u015fanlar\u0131m\u0131z\u0131n ve di\u011fer \u00fc\u00e7\u00fcnc\u00fc ki\u015filerin g\u00fcvenli\u011fini sa\u011flamak ve resmi\/adli kurum ve kurulu\u015flara kar\u015f\u0131 olan bilgi, belge verme ve ilgili sair y\u00fck\u00fcml\u00fcl\u00fcklerimizi yerine getirmek amac\u0131yla ma\u011fazalar\u0131m\u0131zda konumland\u0131rd\u0131\u011f\u0131m\u0131z g\u00fcvenlik kameralar\u0131 arac\u0131l\u0131\u011f\u0131yla ses ve g\u00f6r\u00fcnt\u00fc kay\u0131tlar\u0131n\u0131z\u0131 i\u015flemekteyiz.&nbsp;<\/p><p>\u202f&nbsp;<\/p><p>Online kanallar arac\u0131l\u0131\u011f\u0131yla m\u00fc\u015fterilerimize sa\u011flad\u0131\u011f\u0131m\u0131z \u201cCanl\u0131 Yay\u0131ndan Sat\u0131\u015f\u201d se\u00e7ene\u011fi ile ma\u011fazalar\u0131m\u0131zda ma\u011faza sat\u0131\u015f dan\u0131\u015fman\u0131 arac\u0131l\u0131\u011f\u0131 ile g\u00f6r\u00fcnt\u00fcl\u00fc g\u00f6r\u00fc\u015fme ger\u00e7ekle\u015ftirilmektedir. G\u00f6r\u00fcnt\u00fcl\u00fc g\u00f6r\u00fc\u015fmelerde; sat\u0131\u015f dan\u0131\u015fman\u0131n\u0131n bulundu\u011fu alana\/ma\u011fazaya ait ses, video ve foto\u011fraf kayd\u0131 ger\u00e7ekle\u015ftirilmektedir.&nbsp;<\/p><p>\u202f&nbsp;<\/p><h6 class=\"wp-block-heading\">3. Web Sites Ziyaret\u00e7ilerimiz\u00a0<\/h6><p>\u202f&nbsp;<\/p><p>Web sitesi  ziyaretlerinizde, hedeflenmi\u015f tan\u0131t\u0131mlar\u0131n yap\u0131lmas\u0131 ve al\u0131\u015fveri\u015f deneyiminizi iyile\u015ftirmek amac\u0131yla yasal d\u00fczenlemelere uygun \u00e7erezler kullan\u0131lmaktad\u0131r. \u00c7erezlerle ilgili ayr\u0131nt\u0131l\u0131 bilgi i\u00e7in web sitemizde yer alan pop-up ile \u00e7erez politikam\u0131z\u0131 inceleyebilirsiniz. Taray\u0131c\u0131n\u0131z\u0131n ayarlar\u0131n\u0131 de\u011fi\u015ftirerek \u00e7erezlere ili\u015fkin tercihlerinizi ki\u015fiselle\u015ftirme imk\u00e2n\u0131na sahipsiniz. Ek olarak, bilgi i\u015flem g\u00fcvenli\u011finin sa\u011flanmas\u0131 ve faaliyetlerin mevzuata uygun y\u00fcr\u00fct\u00fclmesi amac\u0131yla IP adresi ve gezinti bilgilerinizi i\u015flemekteyiz.\u00a0<\/p><p>\u202f&nbsp;<\/p><h6 class=\"wp-block-heading\">4. \u00dcyelerimiz&nbsp;<\/h6><p>\u202f&nbsp;<\/p><p>Web sitesi ve mobil uygulama arac\u0131l\u0131\u011f\u0131yla \u00fcyelik i\u015fleminizin ger\u00e7ekle\u015ftirilmesi ve bu kapsamda, \u00fcyelik s\u00f6zle\u015fmesinin gereklerini yerine getirmek ve size en iyi \u015fekilde hizmet sa\u011flamak amac\u0131yla kimlik (ad soyad), ileti\u015fim (e-posta ve cep telefonu) ve i\u015flem g\u00fcvenli\u011fi (log kayd\u0131) ki\u015fisel verilerinizi i\u015flemekteyiz.&nbsp;<\/p><p>\u202f&nbsp;<\/p><p>Web sitesi ve mobil uygulama arac\u0131l\u0131\u011f\u0131yla kaydetmeniz halinde; adres bilgilerinizi i\u015flemekteyiz. \u00dcye olarak sipari\u015f ge\u00e7mi\u015finizi g\u00f6r\u00fcnt\u00fcleyebilmeniz i\u00e7in sipari\u015f tarihi, sipari\u015f numaras\u0131, sipari\u015f i\u00e7eri\u011fi, kargo bilgileri, \u00f6deme metodu olmak \u00fczere al\u0131\u015fveri\u015f ve \u00f6deme bilgilerinizi i\u015flemekteyiz.\u00a0<\/p><p>\u202f&nbsp;<\/p><h6 class=\"wp-block-heading\">5. Online Kanallar \u00dczerinden Al\u0131\u015fveri\u015f Yapan M\u00fc\u015fterilerimiz&nbsp;<\/h6><p>Web sitemize \u00fcye olarak veya \u00fcye olmaks\u0131z\u0131n al\u0131\u015fveri\u015f yapman\u0131z halinde; sat\u0131\u015f i\u015fleminin ger\u00e7ekle\u015ftirilmesi, mesafeli sat\u0131\u015f s\u00f6zle\u015fmesinin gereklerinin yerine getirilmesi, fatura d\u00fczenlenmesi, sat\u0131n ald\u0131\u011f\u0131n\u0131z \u00fcr\u00fcn\u00fcn belirtmi\u015f oldu\u011funuz adrese iletilmesi ve talebiniz halinde sat\u0131\u015f sonras\u0131 servis hizmetlerinin yerine getirilmesi amac\u0131yla kimlik, ileti\u015fim,\u202fm\u00fc\u015fteri i\u015flem(\u00fcr\u00fcn bilgisi, fiyat\u0131, sipari\u015f tarihi, mevcut olmas\u0131 halinde hediye notu), hukuki i\u015flem, finans bilgilerinizi i\u015flemekteyiz.\u00a0<\/p><p>\u00d6demenin kredi\/banka kart\u0131 ile yap\u0131lmas\u0131 halinde, \u00f6demenin tahsil edilebilmesini sa\u011flamak amac\u0131yla \u00f6deme kurulu\u015funa aktar\u0131lmak \u00fczere, kredi\/banka kart\u0131 bilgileri verilerinizi i\u015flemekteyiz.&nbsp;<\/p><p><strong>Sat\u0131n alm\u0131\u015f oldu\u011funuz \u00fcr\u00fcn\u00fcn, \u00fc\u00e7\u00fcnc\u00fc ki\u015fiye g\u00f6nderilmesini talep etmeniz halinde;<\/strong>\u202fsipari\u015finizin bilgilerini payla\u015fm\u0131\u015f oldu\u011funuz ilgili ki\u015fiye ula\u015ft\u0131r\u0131lmas\u0131 ve sat\u0131\u015f sonras\u0131 servis hizmetlerinin sa\u011flanmas\u0131 amac\u0131yla ilgili ki\u015finin ad soyad, adres, cep telefon numaras\u0131 bilgilerini i\u015flemekteyiz. Payla\u015fm\u0131\u015f oldu\u011funuz ki\u015fisel veriler yaln\u0131zca sipari\u015fin ilgili ki\u015fiye ula\u015ft\u0131r\u0131lmas\u0131 ve bu kapsamda yap\u0131lacak bilgilendirmelerin ilgili ki\u015fiyle payla\u015f\u0131lmas\u0131 ama\u00e7lar\u0131yla i\u015flenecek ve ilgili ki\u015finin a\u00e7\u0131k r\u0131zas\u0131 bulunmad\u0131\u011f\u0131ndan pazarlama faaliyetlerinin y\u00fcr\u00fct\u00fcm\u00fc s\u00fcre\u00e7lerine dahil edilmeyecektir. Bu durumda, ki\u015fisel verilerini payla\u015fm\u0131\u015f oldu\u011funuz ilgili ki\u015filerin ayd\u0131nlat\u0131lmas\u0131na ili\u015fkin sorumlulu\u011fun taraf\u0131n\u0131za ait oldu\u011funu belirtmek isteriz. Ayn\u0131 \u015fekilde, \u00fc\u00e7\u00fcnc\u00fc ki\u015filer taraf\u0131ndan ad\u0131n\u0131za \u00fcr\u00fcn g\u00f6nderilmesi halinde de kimlik ve ileti\u015fim bilgilerinizi i\u015flemekteyiz.&nbsp;<\/p><h6 class=\"wp-block-heading\">6. Ticari Elektronik \u0130leti\u015fim \u0130zni Veren M\u00fc\u015fterilerimiz&nbsp;<\/h6><p>Evku\u015fu&#8217;na herhangi bir kanaldan (SMS kodu arac\u0131l\u0131\u011f\u0131yla veya web sitemiz\/uygulama \u00fczerinden) ticari elektronik ileti ileti\u015fim izni vermeniz halinde, ki\u015fisel verileriniz Evku\u015fu taraf\u0131ndan do\u011frudan veya dolayl\u0131 pazarlama faaliyetlerinin ger\u00e7ekle\u015ftirilmesi amac\u0131yla; reklam, promosyon, kampanya ve benzeri nitelikte genel ve \u00f6zel kampanyalar, avantajlar, \u00fcr\u00fcn, hizmet tan\u0131t\u0131mlar\u0131, rekl\u00e2m, pazar ara\u015ft\u0131rmas\u0131 anketleri ve di\u011fer m\u00fc\u015fteri memnuniyeti uygulamalar\u0131na ili\u015fkin olarak se\u00e7ece\u011finiz kanallar \u00fczerinden taraf\u0131n\u0131za ticari elektronik ileti g\u00f6nderilmesine onay vermi\u015f olursunuz. Bu kapsamda, Evku\u015fu, ad soyad, cep telefonu numaras\u0131, e-posta adresi ile log kay\u0131t bilgilerinizi i\u015fleyecek ve ama\u00e7la s\u0131n\u0131rl\u0131 olarak ki\u015fisel verileriniz \u015eirket\u2019in hizmet ald\u0131\u011f\u0131 \u00fc\u00e7\u00fcnc\u00fc ki\u015filerle payla\u015f\u0131labilecektir.\u00a0<\/p><p>Hi\u00e7bir gerek\u00e7e g\u00f6stermeksizin Evku\u015fu&#8217;na vermi\u015f oldu\u011funuz ileti\u015fim iznini durdurma\/geri alma imkan\u0131n\u0131z mevcuttur. \u0130zin verdi\u011finiz kanal \u00fczerinden ret s\u00fcrecini ba\u015flatarak ve\/veya web sitemize \u00fcye olman\u0131z halinde, \u201cProfil>Hesap Bilgilerim>Bilgilerimi G\u00fcncelle>Bildirim izni\u201d sekmesinden ve \u0130leti Y\u00f6netim Sistemi \u00fczerinden a\u00e7\u0131k r\u0131zan\u0131z\u0131 her zaman geri alabilirsiniz.\u00a0<\/p><p>\u202f&nbsp;<\/p><h6 class=\"wp-block-heading\">7. Evku\u015fu \u0130le \u0130leti\u015fime Ge\u00e7en M\u00fc\u015fterilerimiz\u00a0<\/h6><p>Web sitemizde yer alan ileti\u015fim formu, ileti\u015fim adresi \u00fczerinden veya \u00e7a\u011fr\u0131 merkezi, e-posta, sosyal medya hesaplar\u0131m\u0131z \u00fczerinden bizimle ileti\u015fime ge\u00e7meniz halinde, talep ve \u015fikayetlerinizin \u00e7\u00f6z\u00fcmlenmesi ve gerekti\u011finde sizinle ileti\u015fime ge\u00e7ebilmek, \u00e7a\u011fr\u0131 merkezimiz \u00fczerinden ileti\u015fime ge\u00e7ti\u011finiz takdirde taraf\u0131n\u0131za do\u011fru hitap edebilmek, m\u00fc\u015fteri deneyim s\u00fcre\u00e7lerini y\u00f6netebilmek ve iyile\u015ftirebilmek bu do\u011frultuda y\u00fcr\u00fct\u00fclen \u00e7al\u0131\u015fmalar kapsam\u0131nda ad soyad, sosyal medya hesap bilgileri, ileti\u015fim bilgileri, payla\u015fman\u0131z halinde sipari\u015f bilgileriniz, ilgili ise hukuki i\u015flem bilgilerinizi, talep ve \u015fikayetlerinizi, talep ve \u015fikayetinize ba\u011fl\u0131 taraf\u0131n\u0131zca aktar\u0131lacak olan ilgili di\u011fer bilgilerinizi,\u202fm\u00fc\u015fteri memnuniyetine y\u00f6nelik \u00e7al\u0131\u015fmalar\u0131m\u0131z ve aram\u0131zda do\u011fabilecek uyu\u015fmazl\u0131klarda delil olarak kullan\u0131lmak \u00fczere \u00e7a\u011fr\u0131 merkezi ses kay\u0131tlar\u0131n\u0131z\u0131 i\u015flemekteyiz.&nbsp;<\/p><p>\u202f&nbsp;<\/p><h5 class=\"wp-block-heading\">2. Ki\u015fisel Verilerinizin Toplanma Y\u00f6ntemi ve Hukuki Sebebi&nbsp;<\/h5><p>M\u00fc\u015fterilerimizin ki\u015fisel verileri; ma\u011fazalar\u0131m\u0131zdaki g\u00fcvenlik kameralar\u0131 ve donan\u0131mlar\u0131 arac\u0131l\u0131\u011f\u0131yla otomatik yollarla, ma\u011fazadaki sat\u0131\u015f dan\u0131\u015fman\u0131na s\u00f6zl\u00fc olarak beyan edilen bilgileri sistemimize kayd\u0131 ile yar\u0131 otomatik yollarla, ma\u011fazalar\u0131m\u0131z ve web sitemiz arac\u0131l\u0131\u011f\u0131yla al\u0131\u015fveri\u015flerinizi kay\u0131t alt\u0131na alan sistemlerimiz ile otomatik y\u00f6ntemlerle ki\u015fisel verilerinizi i\u015flemekteyiz.&nbsp;<\/p><p>Ek olarak, adli ve idari makamlardan gelen belgeler kapsam\u0131nda taraf\u0131m\u0131zla payla\u015f\u0131lan ki\u015fisel verilerinizi ve iade inceleme s\u00fcre\u00e7lerinde ilgili belgelerin kaydedilmesi ile otomatik olmayan yollarla, sosyal medya, telefon ve \u00e7a\u011fr\u0131 merkezi kanallar\u0131yla elektronik ortamda otomatik y\u00f6ntemlerle topluyoruz.&nbsp;<\/p><p>\u202f&nbsp;<\/p><p>Ki\u015fisel verileriniz a\u015fa\u011f\u0131da yer alan hukuki sebepler uyar\u0131nca i\u015flenmektedir:&nbsp;<\/p><p>\u202f&nbsp;<\/p><p>KVKK m. 5\/1 h\u00fckm\u00fc uyar\u0131nca a\u00e7\u0131k r\u0131za (ticari elektronik ileti\u015fim izni vermeniz halinde),&nbsp;<\/p><p>KVKK m. 5\/2 (a) h\u00fckm\u00fc uyar\u0131nca, kanunlarda a\u00e7\u0131k\u00e7a \u00f6ng\u00f6r\u00fclmesi (mevzuattan kaynaklanan y\u00fck\u00fcml\u00fcl\u00fcklerimizin yerine getirilmesi kapsam\u0131nda),&nbsp;<\/p><p>KVKK m. 5\/2 (c) h\u00fckm\u00fc uyar\u0131nca s\u00f6zle\u015fmenin kurulmas\u0131 veya ifas\u0131yla do\u011frudan do\u011fruya ilgili olmas\u0131 nedeniyle i\u015flemenin gerekli olmas\u0131 (\u00fcyelik s\u00f6zle\u015fmesi, sat\u0131\u015f s\u00f6zle\u015fmesinin ifas\u0131, sat\u0131\u015f i\u015flemlerinin ger\u00e7ekle\u015ftirilmesi ve sat\u0131\u015f sonras\u0131 servis deste\u011finin sa\u011flanmas\u0131),&nbsp;<\/p><p>KVKK m. 5\/2 (\u00e7) h\u00fckm\u00fc uyar\u0131nca veri sorumlusunun hukuki y\u00fck\u00fcml\u00fcl\u00fc\u011f\u00fcn\u00fc yerine getirebilmesi i\u00e7in zorunlu olmas\u0131 (ma\u011faza g\u00fcvenlik kamera kay\u0131tlar\u0131n\u0131n temini, fatura d\u00fczenlenmesi kapsam\u0131nda),&nbsp;<\/p><p>KVKK m. 5\/2 (e) h\u00fckm\u00fc uyar\u0131nca bir hakk\u0131n tesisi, kullan\u0131lmas\u0131 veya korunmas\u0131 i\u00e7in veri i\u015flemenin zorunlu olmas\u0131 (ma\u011faza g\u00fcvenlik kamera kay\u0131tlar\u0131n\u0131n temini;\u202fadli ve resmi s\u00fcre\u00e7lere ili\u015fkin i\u015flemlerin y\u00fcr\u00fct\u00fclmesi)&nbsp;<\/p><p>KVKK m. 5\/2 (f) h\u00fckm\u00fc uyar\u0131nca temel hak ve \u00f6zg\u00fcrl\u00fcklerinize zarar vermemek kayd\u0131yla, \u015eirket\u2019in me\u015fru menfaatleri i\u00e7in veri i\u015flenmesinin zorunlu olmas\u0131 (ma\u011faza g\u00fcvenlik kamera kay\u0131tlar\u0131n\u0131n temini;\u202fi\u015flem g\u00fcvenli\u011finin sa\u011flanmas\u0131, operasyonel s\u00fcre\u00e7lerin y\u00fcr\u00fct\u00fclmesi kapsam\u0131nda) hukuki sebeplerine dayanarak i\u015flemekteyiz.&nbsp;<\/p><p>\u202f&nbsp;<\/p><p>Ki\u015fisel verilerinizin, KVK Kanunu m. 7\/1\u2019e g\u00f6re i\u015flenmesini gerektiren ama\u00e7 ortadan kalkt\u0131\u011f\u0131nda ve\/veya mevzuat uyar\u0131nca verilerinizi i\u015flememiz i\u00e7in zorunlu k\u0131l\u0131nd\u0131\u011f\u0131m\u0131z zamana\u015f\u0131m\u0131\/saklama s\u00fcreleri doldu\u011funda, Ki\u015fisel verileriniz silinecek, yok edilecek veya anonim hale getirilecektir.&nbsp;<\/p><p>\u202f&nbsp;<\/p><h5 class=\"wp-block-heading\">3. \u0130\u015flenen Ki\u015fisel Verilerin Aktar\u0131ld\u0131\u011f\u0131 Yerler ve Aktar\u0131m Amac\u0131&nbsp;<\/h5><p>Ki\u015fisel verilerin i\u015flenme amac\u0131 ile verilerin aktar\u0131m amac\u0131 paralellik g\u00f6stermektedir. Evku\u015fu olarak ki\u015fisel verilerinizi i\u015fbu ayd\u0131nlatma metninde\u202fbelirtilen ama\u00e7lar do\u011frultusunda ve KVKK&#8217;n\u0131n 8. ve 9. maddelerine uygun olarak \u00fc\u00e7\u00fcnc\u00fc ki\u015filere aktarmaktay\u0131z.\u00a0<\/p><p>Lojistik hizmetlerinin sa\u011flanmas\u0131, talep ve \u015fik\u00e2yetlerinizin \u00e7\u00f6z\u00fcmlenmesi, pazarlama faaliyetlerinin y\u00fcr\u00fct\u00fclmesi ve toplanan ki\u015fisel verilerin i\u015fleme faaliyetlerini y\u00fcr\u00fctebilmek i\u00e7in grup \u015firketlerimiz, i\u015f birli\u011fi yap\u0131lan kurum ve kurulu\u015flarla; i\u015f s\u00fcre\u00e7lerinin y\u00fcr\u00fct\u00fcm\u00fc amac\u0131yla ortak kasa sistemi kullan\u0131lan ma\u011fazalarla ki\u015fisel verileriniz payla\u015f\u0131labilmektedir. Al\u0131\u015fveri\u015finiz s\u0131ras\u0131nda kredi kart\u0131 veya banka kart\u0131 kullanman\u0131z halinde, \u00f6deme bilgileriniz hizmet al\u0131nan elektronik \u00f6deme kurulu\u015fu ve bankalar ile payla\u015f\u0131lmaktad\u0131r. Ek olarak, ilgili mevzuat kapsam\u0131nda bilgi verme y\u00fck\u00fcml\u00fcl\u00fc\u011f\u00fcm\u00fcz\u00fc yerine getirmek ve yasal haklar\u0131m\u0131z\u0131n kullan\u0131lmas\u0131 i\u00e7in talep halinde kamu otoriteleriyle, resmi kurum ve kurulu\u015flarla ki\u015fisel verileriniz payla\u015f\u0131labilmektedir.&nbsp;<\/p><p>Temel hak ve \u00f6zg\u00fcrl\u00fcklerinize zarar vermemek kayd\u0131yla me\u015fru menfaatimizin s\u00f6z konusu oldu\u011fu \u015firket i\u00e7i idari ama\u00e7lar i\u00e7in Evku\u015fu Home i\u00e7erisinde ki\u015fisel veri aktar\u0131m\u0131 ger\u00e7ekle\u015ftirilmektedir.\u00a0<\/p><p>\u202f&nbsp;<\/p><p>Veri Sorumlusuna Ba\u015fvuru Yollar\u0131 ve Haklar\u0131n\u0131z&nbsp;<\/p><p>Kanun\u2019un 11. maddesi uyar\u0131nca, \u015eirketimize ba\u015fvurarak, ki\u015fisel verilerinizin; a) i\u015flenip i\u015flenmedi\u011fini \u00f6\u011frenme, b) i\u015flenmi\u015fse bilgi talep etme, c) i\u015flenme amac\u0131n\u0131 ve amac\u0131na uygun kullan\u0131l\u0131p kullan\u0131lmad\u0131\u011f\u0131n\u0131 \u00f6\u011frenme, d) yurt i\u00e7inde \/ yurt d\u0131\u015f\u0131nda transfer edildi\u011fi taraflar\u0131 \u00f6\u011frenme, e) eksik \/ yanl\u0131\u015f i\u015flenmi\u015fse d\u00fczeltilmesini isteme, f) Kanun\u2019un 7. maddesinde \u00f6ng\u00f6r\u00fclen \u015fartlar \u00e7er\u00e7evesinde silinmesini \/ yok edilmesini isteme, g) aktar\u0131ld\u0131\u011f\u0131 3. ki\u015filere yukar\u0131da say\u0131lan (e) ve (f) bentleri uyar\u0131nca yap\u0131lan i\u015flemlerin bildirilmesini isteme, h) m\u00fcnhas\u0131ran otomatik sistemler ile analiz edilmesi nedeniyle aleyhinize bir sonucun ortaya \u00e7\u0131kmas\u0131na itiraz etme, i) Kanun\u2019a ayk\u0131r\u0131 olarak i\u015flenmesi sebebiyle zarara u\u011framan\u0131z h\u00e2linde zarar\u0131n giderilmesini talep etme hakk\u0131na sahipsiniz.&nbsp;<\/p><p>Evku\u015fu taraf\u0131ndan i\u015flenen ki\u015fisel verilerinize ili\u015fkin olarak\u202fKVKK\u2019n\u0131n 11. maddesi kapsam\u0131ndaki taleplerinizi; Veri Sorumlusuna Ba\u015fvuru Usul ve Esaslar\u0131 Hakk\u0131nda Tebli\u011f\u2019e uygun \u015fekilde yaz\u0131l\u0131 olarak ya da kay\u0131tl\u0131 elektronik posta (KEP) adresi, g\u00fcvenli elektronik imza, mobil imza ya da Evku\u015fu\u2019na daha \u00f6nce bildirdi\u011finiz ve sistemimizde kay\u0131tl\u0131 bulunan elektronik posta adresinizi kullanarak\u202finfo@evkusu.com.tr\u202fadresine iletebilirsiniz.\u202fVerilerinizin \u015eirketimiz nezdinde hassasiyetle korundu\u011funu belirtir bize duydu\u011funuz g\u00fcven i\u00e7in te\u015fekk\u00fcr ederiz.<\/p>","protected":false},"excerpt":{"rendered":"<p>KVKK &#8211; Ki\u015fisel Verilerin \u0130\u015flenmesi ve Korunmas\u0131 Ayd\u0131nlatma Metni EVKU\u015eU PERAKENDE SATI\u015e MA\u011eAZACILIK VE DI\u015e T\u0130CARET L\u0130M\u0130TED \u015e\u0130RKET\u0130 &#8211; www.evkusu.com.tr K\u0130\u015e\u0130SEL VER\u0130LER\u0130N KORUNMASI AYDINLATMA METN\u0130 M\u00fc\u015fterilerimiz, \u00dcyelerimiz ve Ziyaret\u00e7ilerimiz\u00a0 \u0130\u015fbu Ayd\u0131nlatma Metni\u2019nde, ki\u015fisel verilerinizin, 6698 say\u0131l\u0131 Ki\u015fisel Verilerin Korunmas\u0131 Kanunu &hellip; <\/p>\n","protected":false},"author":1,"featured_media":0,"parent":0,"menu_order":0,"comment_status":"closed","ping_status":"closed","template":"","meta":{"om_disable_all_campaigns":false,"_monsterinsights_skip_tracking":false,"_monsterinsights_sitenote_active":false,"_monsterinsights_sitenote_note":"","_monsterinsights_sitenote_category":0,"footnotes":""},"class_list":["post-1397","page","type-page","status-publish","hentry","latest_post"],"aioseo_notices":[],"_links":{"self":[{"href":"https:\/\/evkusu.com.tr\/index.php?rest_route=\/wp\/v2\/pages\/1397","targetHints":{"allow":["GET"]}}],"collection":[{"href":"https:\/\/evkusu.com.tr\/index.php?rest_route=\/wp\/v2\/pages"}],"about":[{"href":"https:\/\/evkusu.com.tr\/index.php?rest_route=\/wp\/v2\/types\/page"}],"author":[{"embeddable":true,"href":"https:\/\/evkusu.com.tr\/index.php?rest_route=\/wp\/v2\/users\/1"}],"replies":[{"embeddable":true,"href":"https:\/\/evkusu.com.tr\/index.php?rest_route=%2Fwp%2Fv2%2Fcomments&post=1397"}],"version-history":[{"count":1,"href":"https:\/\/evkusu.com.tr\/index.php?rest_route=\/wp\/v2\/pages\/1397\/revisions"}],"predecessor-version":[{"id":1400,"href":"https:\/\/evkusu.com.tr\/index.php?rest_route=\/wp\/v2\/pages\/1397\/revisions\/1400"}],"wp:attachment":[{"href":"https:\/\/evkusu.com.tr\/index.php?rest_route=%2Fwp%2Fv2%2Fmedia&parent=1397"}],"curies":[{"name":"wp","href":"https:\/\/api.w.org\/{rel}","templated":true}]}}