{"id":111,"date":"2020-12-18T11:15:30","date_gmt":"2020-12-18T11:15:30","guid":{"rendered":"https:\/\/rarathemesdemo.com\/feminine-fashion\/?page_id=111"},"modified":"2025-03-17T12:31:23","modified_gmt":"2025-03-17T12:31:23","slug":"hakkimizda","status":"publish","type":"page","link":"https:\/\/evkusu.com.tr\/?page_id=111","title":{"rendered":"Hikayemiz"},"content":{"rendered":"<p>Kurumsal firmalardan ve sekt\u00f6r tecr\u00fcbesiyle 2015 y\u0131l\u0131nda Kosgeb deste\u011fiyle kurulan firmam\u0131z h\u0131zla artan \u00fcr\u00fcn \u00e7e\u015fidini kaliteden ve uygun fiyat anlay\u0131\u015f\u0131ndan \u00f6d\u00fcn vermeden her ge\u00e7en g\u00fcn geli\u015ftirerek bug\u00fcnlere gelmi\u015f olup gelecekteki hedeflerine do\u011fru h\u0131zla ilerlemektedir.<\/p><p>\u015eu anda \u0130stanbul&#8217;da bulunan ma\u011fazalar\u0131nda Ev Tekstili, Mutfak, Dekoratif ve Banyo kategorilerinde d\u00fcnya trendlerini takip ederek en se\u00e7kin \u00fcr\u00fcnleriyle hizmetine devam etmektedir.<\/p><p><\/p>","protected":false},"excerpt":{"rendered":"<p>Kurumsal firmalardan ve sekt\u00f6r tecr\u00fcbesiyle 2015 y\u0131l\u0131nda Kosgeb deste\u011fiyle kurulan firmam\u0131z h\u0131zla artan \u00fcr\u00fcn \u00e7e\u015fidini kaliteden ve uygun fiyat anlay\u0131\u015f\u0131ndan \u00f6d\u00fcn vermeden her ge\u00e7en g\u00fcn geli\u015ftirerek bug\u00fcnlere gelmi\u015f olup gelecekteki hedeflerine do\u011fru h\u0131zla ilerlemektedir. \u015eu anda \u0130stanbul&#8217;da bulunan ma\u011fazalar\u0131nda Ev &hellip; <\/p>\n","protected":false},"author":2,"featured_media":800,"parent":0,"menu_order":0,"comment_status":"closed","ping_status":"closed","template":"","meta":{"om_disable_all_campaigns":false,"_monsterinsights_skip_tracking":false,"_monsterinsights_sitenote_active":false,"_monsterinsights_sitenote_note":"","_monsterinsights_sitenote_category":0,"footnotes":""},"class_list":["post-111","page","type-page","status-publish","has-post-thumbnail","hentry","latest_post"],"aioseo_notices":[],"_links":{"self":[{"href":"https:\/\/evkusu.com.tr\/index.php?rest_route=\/wp\/v2\/pages\/111","targetHints":{"allow":["GET"]}}],"collection":[{"href":"https:\/\/evkusu.com.tr\/index.php?rest_route=\/wp\/v2\/pages"}],"about":[{"href":"https:\/\/evkusu.com.tr\/index.php?rest_route=\/wp\/v2\/types\/page"}],"author":[{"embeddable":true,"href":"https:\/\/evkusu.com.tr\/index.php?rest_route=\/wp\/v2\/users\/2"}],"replies":[{"embeddable":true,"href":"https:\/\/evkusu.com.tr\/index.php?rest_route=%2Fwp%2Fv2%2Fcomments&post=111"}],"version-history":[{"count":2,"href":"https:\/\/evkusu.com.tr\/index.php?rest_route=\/wp\/v2\/pages\/111\/revisions"}],"predecessor-version":[{"id":816,"href":"https:\/\/evkusu.com.tr\/index.php?rest_route=\/wp\/v2\/pages\/111\/revisions\/816"}],"wp:featuredmedia":[{"embeddable":true,"href":"https:\/\/evkusu.com.tr\/index.php?rest_route=\/wp\/v2\/media\/800"}],"wp:attachment":[{"href":"https:\/\/evkusu.com.tr\/index.php?rest_route=%2Fwp%2Fv2%2Fmedia&parent=111"}],"curies":[{"name":"wp","href":"https:\/\/api.w.org\/{rel}","templated":true}]}}